, 5, 13, 37, 509
What are the prime factors of 1705956?
2, 3, 7, 23, 883
List the prime factors of 14515011.
3, 7, 61, 1259
What are the prime factors of 233506?
2, 7, 13, 1283
What are the prime factors of 17183986?
2, 59, 107, 1361
What are the prime factors of 2364968?
2, 19, 15559
List the prime factors of 5369800.
2, 5, 26849
List the prime factors of 9824806.
2, 4912403
List the prime factors of 380554.
2, 179, 1063
List the prime factors of 20279754.
2, 3, 11, 34141
What are the prime factors of 629192?
2, 78649
List the prime factors of 1686597.
3, 11, 51109
What are the prime factors of 3331855?
5, 43, 15497
List the prime factors of 1139008.
2, 13, 37
List the prime factors of 2592526.
2, 449, 2887
What are the prime factors of 106870?
2, 5, 10687
List the prime factors of 178375.
5, 1427
List the prime factors of 1214833.
701, 1733
List the prime factors of 2482947.
3, 91961
List the prime factors of 42374.
2, 21187
What are the prime factors of 2884622?
2, 13, 110947
List the prime factors of 329776.
2, 20611
List the prime factors of 9618775.
5, 384751
List the prime factors of 42010.
2, 5, 4201
What are the prime factors of 2042572?
2, 7, 72949
List the prime factors of 922583.
19, 59, 823
What are the prime factors of 6221929?
7, 83, 10709
What are the prime factors of 192577?
7, 11, 41, 61
List the prime factors of 2473171.
67, 36913
List the prime factors of 6160713.
3, 13, 47, 3361
What are the prime factors of 8205?
3, 5, 547
What are the prime factors of 15799447?
43, 79, 4651
List the prime factors of 575377.
11, 19, 2753
What are the prime factors of 3252861?
3, 31, 89, 131
List the prime factors of 10414190.
2, 5, 29, 35911
List the prime factors of 111118.
2, 7, 7937
What are the prime factors of 394290?
2, 3, 5, 13, 337
List the prime factors of 1091406.
2, 3, 101, 1801
List the prime factors of 1860571.
1860571
List the prime factors of 1429513.
17, 84089
What are the prime factors of 34933?
181, 193
What are the prime factors of 6549674?
2, 43, 76159
List the prime factors of 609244.
2, 152311
What are the prime factors of 1133170?
2, 5, 47, 2411
List the prime factors of 13000282.
2, 167, 38923
List the prime factors of 2756769.
3, 29, 31687
What are the prime factors of 425536?
2, 61, 109
What are the prime factors of 130060?
2, 5, 7, 929
List the prime factors of 109037.
109037
What are the prime factors of 6115878?
2, 3, 37, 3061
List the prime factors of 13242860.
2, 5, 662143
List the prime factors of 9118351.
11, 828941
What are the prime factors of 263535?
3, 5, 17569
List the prime factors of 4588799.
23, 131, 1523
List the prime factors of 838198.
2, 37, 47, 241
What are the prime factors of 612559?
23, 26633
What are the prime factors of 5479602?
2, 3, 173, 5279
What are the prime factors of 1677123?
3, 7, 3803
List the prime factors of 890153.
11, 80923
List the prime factors of 189513.
3, 7019
What are the prime factors of 32264019?
3, 151, 23741
What are the prime factors of 2616764?
2, 654191
List the prime factors of 1417159.
1417159
List the prime factors of 3736018.
2, 11, 13, 13063
What are the prime factors of 12304839?
3, 23, 151, 1181
What are the prime factors of 3111737?
37, 2273
What are the prime factors of 695472?
2, 3, 14489
What are the prime factors of 558549?
3, 137, 151
What are the prime factors of 125497?
125497
What are the prime factors of 15695266?
2, 7847633
List the prime factors of 4739719.
17, 278807
What are the prime factors of 54756?
2, 3, 13
List the prime factors of 20250415.
5, 67, 60449
What are the prime factors of 3242122?
2, 13, 19, 6563
List the prime factors of 45034178.
2, 7, 47, 89, 769
What are the prime factors of 33811040?
2, 5, 211319
What are the prime factors of 19955735?
5, 103, 38749
What are the prime factors of 2896849?
2896849
List the prime factors of 785467.
59, 13313
What are the prime factors of 1178440?
2, 5, 17, 1733
What are the prime factors of 379507?
131, 2897
List the prime factors of 11193702.
2, 3, 13, 143509
List the prime factors of 3496613.
3496613
List the prime factors of 2107857.
3, 709, 991
What are the prime factors of 724927?
7, 103561
What are the prime factors of 2187719?
41, 53359
List the prime factors of 749421.
3, 83269
List the prime factors of 4401418.
2, 7, 23, 13669
What are the prime factors of 23015922?
2, 3, 43, 89209
List the prime factors of 22185987.
3, 31, 191, 1249
What are the prime factors of 62313?
3, 20771
List the prime factors of 5735754.
2, 3, 318653
List the prime factors of 161050.
2, 5, 3221
What are the prime factors of 2287113?
3, 762371
List the prime factors of 806903.
806903
List the prime factors of 113262.
2, 3, 43, 439
List the prime factors of 4293358.
2, 421, 5099
List the prime factors of 13492299.
3, 19, 236707
List the prime factors of 3694854.
2, 3, 19, 32411
List the prime factors of 253525.
5, 10141
List the prime factors of 7653266.
2, 907, 4219
What are the prime factors of 1590415?
5, 179, 1777
What are the prime factors of 1327444?
2, 281, 1181
List the prime factors of 6637636.
2, 29, 57221
What are the prime factors of 962965?
5, 17, 11329
List the prime factors of 521293.
37, 73, 193
List the prime factors of 506439.
3, 18757
What are the prime factors of 24300075?
3, 5, 23, 14087
List the prime factors of 913123.
23, 29, 37
What are the prime factors of 197095?
5, 39419
What are the prime factors of 78456?
2, 3, 7, 467
What are the prime factors of 1654482?
2, 3, 19, 23, 631
List the prime factors of 6108384.
2, 3, 63629
What are the prime factors of 295485?
3, 5, 19699
What are the prime factors of 9715610?
2, 5, 971561
List the prime factors of 575134.
2, 7, 41081
What are the prime factors of 1363350?
2, 3, 5, 61, 149
What are the prime factors of 785360?
2, 5, 9817
What are the prime factors of 1531304?
2, 191413
What are the prime factors of 41258423?
41, 1006303
List the prime factors of 878174.
2, 11, 179, 223
List the prime factors of 29635.
5, 5927
List the prime factors of 20643960.
2, 3, 5, 71, 2423
List the prime factors of 1133626.
2, 13, 59, 739
List the prime factors of 10358844.
2, 3, 137, 6301
List the prime factors of 142109.
11, 12919
What are the prime factors of 47786?
2, 23893
List the prime factors of 406750.
2, 5, 1627
List the prime factors of 29361876.
2, 3, 2446823
List the prime factors of 1874510.
2, 5, 11, 17041
What are the prime factors of 739483?
17, 43499
List the prime factors of 243994.
2, 121997
List the prime factors of 333639.
3, 1373
What are the prime factors of 1340543?
401, 3343
List the prime factors of 1828826.
2, 17, 19, 149
What are the prime factors of 2697332?
2, 11, 5573
What are the prime factors of 336568?
2, 42071
List the prime factors of 211707.
3, 7841
List the prime factors of 330104.
2, 41263
What are the prime factors of 1394071?
7, 199153
What are the prime factors of 5354812?
2, 1338703
What are the prime factors of 9347049?
3, 346187
List the prime factors of 112079.
11, 23, 443
What are the prime factors of 313357?
11, 61, 467
What are the prime factors of 44820081?
3, 421, 3943
List the prime factors of 22354889.
22354889
List the prime factors of 348515.
5, 43, 1621
List the prime factors of 3919371.
3, 331, 3947
List the prime factors of 635820.
2, 3, 5, 10597
List the prime factors of 639731.
639731
List the prime factors of 86930.
2, 5, 8693
List the prime factors of 2504413.
2504413
List the prime factors of 2652232.
2, 11, 30139
List the prime factors of 190706.
2, 17, 71, 79
What are the prime factors of 29553282?
2, 3, 11, 4523
What are the prime factors of 66977?
66977
List the prime factors of 15610756.
2, 7, 359, 1553
What are the prime factors of 1089504?
2, 3, 13, 97
List the prime factors of 14350697.
41, 8537
List the prime factors of 307915.
5, 61583
List the prime factors of 1528795.
5, 305759
List the prime factors of 6866253.
3, 762917
List the prime factors of 29304.
2, 3, 11, 37
What are the prime factors of 3906694?
2, 11, 239, 743
List the prime factors of 1518316.
2, 379579
What are the prime factors of 213762?
2, 3, 23, 1549
List the prime factors of 64683.
3, 7187
List the prime factors of 1002055.
5, 107, 1873
What are the prime factors of 474221?
11, 19, 2269
List the prime factors of